{"id":6,"date":"2006-06-17T16:44:20","date_gmt":"2006-06-17T14:44:20","guid":{"rendered":"http:\/\/www.konstantin-goerlich.de\/wordpress\/impressum\/"},"modified":"2018-05-19T21:15:34","modified_gmt":"2018-05-19T19:15:34","slug":"impressum","status":"publish","type":"page","link":"https:\/\/www.konstantin-goerlich.de\/wordpress\/impressum\/","title":{"rendered":"impressum &#038; kontakt"},"content":{"rendered":"<p>Bei diesem Weblog handelt es sich um ein privates, nichtkommerzielles publizistisches Angebot von Konstantin G\u00f6rlich.<\/p>\n<p>Verantwortlich im Sinne von \u00a7 5 (1) 2 TMG, \u00a7 55 RStV:<\/p>\n<p>Konstantin G\u00f6rlich<br \/>\nBirkenweg 27<br \/>\n79100 Freiburg<\/p>\n<p>Sie erreichen mich am besten per E-Mail: <a href=\"mailto:konstantin.goerlich@gmail.com\">konstantin.goerlich@gmail.com<\/a> (<a href=\"http:\/\/konstantin-goerlich.de\/gpg\/KonstantinGoerlichPublicKey2EC8EC67.asc\">GPG-Schl\u00fcssel<\/a>, Fingerabdruck B3D0 7132 72E2 D35A 992C EB61 BC5F F0D5 2EC8 EC67), oder alternativ per Fax: +4932121017537.<\/p>\n<p>Die Kommentarfunktion soll eine Diskussion der angesprochenen Themen erm\u00f6glichen. Die dortigen Beitr\u00e4ge geben ausschlie\u00dflich die Auffassung der jeweiligen Verfasser wieder. Ich behalte mir vor, Beitr\u00e4ge ganz oder teilweise zu l\u00f6schen. Das gleich gilt, sollte sich jemand durch Inhalte meiner Seiten in seinen Rechten verletzt sehen. In solchem Falle bitte ich um unverz\u00fcgliche Nachricht, um mir die Gelegenheit zu geben, die entsprechenden Inhalte ggf. zu l\u00f6schen oder entsprechend zu bearbeiten.<\/p>\n<p>Au\u00dferdem gibt es eine <a href=\"https:\/\/www.konstantin-goerlich.de\/wordpress\/datenschutz\/\">Datenschutzerkl\u00e4rung<\/a>. Das hat man jetzt so.<\/p>\n","protected":false},"excerpt":{"rendered":"<p>Bei diesem Weblog handelt es sich um ein privates, nichtkommerzielles publizistisches Angebot von Konstantin G\u00f6rlich. Verantwortlich im Sinne von \u00a7 5 (1) 2 TMG, \u00a7 55 RStV: Konstantin G\u00f6rlich Birkenweg 27 79100 Freiburg Sie erreichen mich am besten per E-Mail: konstantin.goerlich@gmail.com (GPG-Schl\u00fcssel, Fingerabdruck B3D0 7132 72E2 D35A 992C EB61 BC5F F0D5 2EC8 EC67), oder alternativ &#8230; <\/p>\n<p class=\"read-more-container\"><a title=\"impressum &#038; kontakt\" class=\"read-more button\" href=\"https:\/\/www.konstantin-goerlich.de\/wordpress\/impressum\/#more-6\" aria-label=\"Mehr Informationen \u00fcber impressum &#038; kontakt\">weiterlesen<\/a><\/p>\n","protected":false},"author":1,"featured_media":0,"parent":0,"menu_order":3,"comment_status":"open","ping_status":"open","template":"","meta":{"footnotes":""},"_links":{"self":[{"href":"https:\/\/www.konstantin-goerlich.de\/wordpress\/wp-json\/wp\/v2\/pages\/6"}],"collection":[{"href":"https:\/\/www.konstantin-goerlich.de\/wordpress\/wp-json\/wp\/v2\/pages"}],"about":[{"href":"https:\/\/www.konstantin-goerlich.de\/wordpress\/wp-json\/wp\/v2\/types\/page"}],"author":[{"embeddable":true,"href":"https:\/\/www.konstantin-goerlich.de\/wordpress\/wp-json\/wp\/v2\/users\/1"}],"replies":[{"embeddable":true,"href":"https:\/\/www.konstantin-goerlich.de\/wordpress\/wp-json\/wp\/v2\/comments?post=6"}],"version-history":[{"count":10,"href":"https:\/\/www.konstantin-goerlich.de\/wordpress\/wp-json\/wp\/v2\/pages\/6\/revisions"}],"predecessor-version":[{"id":1529,"href":"https:\/\/www.konstantin-goerlich.de\/wordpress\/wp-json\/wp\/v2\/pages\/6\/revisions\/1529"}],"wp:attachment":[{"href":"https:\/\/www.konstantin-goerlich.de\/wordpress\/wp-json\/wp\/v2\/media?parent=6"}],"curies":[{"name":"wp","href":"https:\/\/api.w.org\/{rel}","templated":true}]}}